*g + 7. Give z(7).
0
Let m(f) = -f**3 - 3*f**2 - 8*f - 2. What is m(-5)?
88
Let p(n) = n**2 - 11*n - 17. Calculate p(13).
9
Let q(j) = -j**3 - 7*j**2 - 7*j - 5. What is q(-6)?
1
Let w(s) = 4*s - 103. Calculate w(24).
-7
Let x(l) = -l**3 + 7*l**2 + 9*l - 1. Give x(8).
7
Let f(d) = 4*d + 9. What is f(-9)?
-27
Let o(n) = -13*n + 36. Determine o(9).
-81
Let b(w) = -9*w + 20. What is b(-14)?
146
Let a(g) = 2*g + 36. Calculate a(-17).
2
Let s(q) = q**3 + 15*q**2 - 22*q - 20. Determine s(-16).
76
Let v(g) = g**3 + 6*g**2 - 8*g + 2. What is v(-7)?
9
Let a(t) = 3*t + 35. Calculate a(-16).
-13
Let j(z) = -z**3 + 23*z**2 + 2. Give j(23).
2
Let d(o) = o**3 - 8*o**2 - 37*o + 41. Give d(11).
-3
Let p(f) = -f**3 - 3*f**2 - 5*f + 2. Give p(-3).
17
Let c(x) = x**3 + x**2 - 5*x + 5. What is c(2)?
7
Let f(a) = -a**3 + 25*a**2 - 28*a + 101. Give f(24).
5
Let s(x) = 4*x + 33. What is s(-3)?
21
Let o(v) = 4*v - 3. What is o(10)?
37
Let n(d) = -d**3 - 17*d**2 - 30*d + 1. What is n(-15)?
1
Let y(x) = 3*x**3 + 2*x**2 + 4*x + 10. Calculate y(-2).
-14
Let g(x) = -7*x**2 + 47*x - 3. Give g(5).
57
Let b(s) = -s**3 - 3*s**2 + 13*s + 16. Give b(-5).
1
Let o(s) = s**3 + s**2 - s + 6. What is o(-3)?
-9
Let l(s) = -s**2 + 18*s - 17. Give l(14).
39
Let n(p) = p**2 + 10*p - 9. Give n(1).
2
Let m(n) = -14*n + 2. Give m(-1).
16
Let n(x) = x**2 - 6*x + 5. Give n(1).
0
Let o(j) = 2*j**2 + 21*j - 14. Give o(-12).
22
Let v(m) = -5*m**3 - 2*m**2 + 5*m + 2. Determine v(3).
-136
Let m(x) = x**3 - 8*x**2 - 7*x - 7. Calculate m(9).
11
Let q(b) = b**3 + 3*b**2 - 6*b + 2. What is q(2)?
10
Let a(j) = 5*j - 51. Determine a(8).
-11
Let d(h) = -h**3 - 5*h**2 + 5*h. Calculate d(-6).
6
Let b(w) = 12*w**3 - 2*w**2 - 3*w + 5. Determine b(1).
12
Let d(p) = p**3 + 5*p**2 - 13*p + 12. Calculate d(-7).
5
Let s(d) = 24*d + 24. Determine s(-1).
0
Let j(f) = f**3 + 16*f**2 + 12*f - 5. What is j(-15)?
40
Let g(j) = j**2 - 15*j + 4. Determine g(15).
4
Let k(c) = -c**3 - 9*c**2 + 11*c + 11. Calculate k(-10).
1
Let m(g) = -g**3 - 5*g**2 + 10*g + 9. Determine m(-6).
-15
Let o(r) = r**2 - 9*r - 6. Give o(5).
-26
Let d(b) = b**3 + 10*b - 10. Calculate d(0).
-10
Let y(d) = -d**3 + 15*d**2 + 17*d - 19. Calculate y(16).
-3
Let g(t) = t**3 - 2*t**2 - 2*t + 4. Determine g(4).
28
Let p(y) = 2*y**2 + 9*y + 4. Determine p(-4).
0
Let c(o) = 3*o**2 - 37*o + 61. Give c(10).
-9
Let b(g) = -34*g - 126. Give b(-4).
10
Let v(u) = 4*u - 9. What is v(6)?
15
Let j(c) = 67*c + 2. What is j(1)?
69
Let c(p) = -11*p - 3. What is c(2)?
-25
Let l(o) = -o**2 - 16*o + 189. Determine l(-24).
-3
Let q(h) = 24*h - 125. Calculate q(5).
-5
Let g(h) = -h**2 - 2*h. Give g(-1).
1
Let l(r) = 4*r - 8. Determine l(8).
24
Let w(f) = 7*f - 57. Give w(9).
6
Let u(w) = -2*w**2 + 13*w + 12. What is u(7)?
5
Let c(k) = -2*k**3 + 16*k**2 - 7*k + 34. Determine c(8).
-22
Let v(l) = -4*l + 9. Give v(5).
-11
Let j(z) = -7*z**2 + 4*z + 2. Give j(2).
-18
Let t(l) = -2*l - 2. Calculate t(1).
-4
Let w(h) = -h**3 - 4*h**2 - 3*h - 1. Determine w(-3).
-1
Let k(u) = 12*u + 13. What is k(-5)?
-47
Let g(r) = -10*r + 159. Determine g(16).
-1
Let b(h) = -h**3 + 7*h**2 - 4*h + 16. Determine b(7).
-12
Let f(l) = 3*l**3 - 129*l**2 - 2*l + 60. Determine f(43).
-26
Let d(s) = 5*s**2 - 2*s + 1. Calculate d(2).
17
Let v(t) = -t**2 - 7*t - 4. Give v(-5).
6
Let v(q) = -q**3 - 14*q**2 - 17*q - 41. What is v(-13)?
11
Let a(w) = 4*w - 12. Calculate a(3).
0
Let t(n) = 11*n - 91. Give t(17).
96
Let w(z) = -2*z**2 + 81*z + 46. What is w(41)?
5
Let w(a) = -9*a + 11. Calculate w(4).
-25
Let z(p) = p**3 - 4*p**2 - 14*p + 15. What is z(6)?
3
Let v(h) = 5*h - 31. Calculate v(4).
-11
Let r(z) = -9*z**2 + 69*z + 9. Determine r(8).
-15
Let t(p) = 16*p**2 + p. What is t(1)?
17
Let g(f) = f**3 - 19*f**2 + 18*f - 16. What is g(18)?
-16
Let d(t) = 14*t**2 - 83*t - 20. Calculate d(6).
-14
Let c(l) = l**2 - 11*l + 19. Give c(9).
1
Let t(b) = -13*b**2 + 2*b - 3. Determine t(1).
-14
Let t(c) = -15*c**3 + 2*c**2 - 4*c + 1. Give t(1).
-16
Let p(o) = -2*o**2 + 30*o - 16. Determine p(14).
12
Let q(y) = y**2 - 4*y + 4. Give q(4).
4
Let k(c) = -c**2 + 16*c - 10. Give k(13).
29
Let l(w) = w**3 + 16*w**2 - 2*w - 14. Calculate l(-16).
18
Let w(f) = f**2 + 30*f - 268. Determine w(-37).
-9
Let j(p) = -83*p**3 - 2*p + 1. Calculate j(1).
-84
Let o(q) = -27*q**3 + 2*q**2 - 1. What is o(-1)?
28
Let o(a) = 5*a**2 + 4*a - 3. Give o(1).
6
Let k(y) = y**3 + 10*y**2 - 13. Determine k(-10).
-13
Let u(n) = n**3 + 7*n**2 - 24*n + 6. Determine u(-10).
-54
Let c(f) = -21*f - 10. Determine c(2).
-52
Let r(t) = -t**3 - 25*t**2 - 112*t + 39. What is r(-19)?
1
Let i(r) = r**2 + 13*r + 24. Calculate i(-10).
-6
Let i(h) = 2*h**3 + 42*h**2 + 38*h + 6. Calculate i(-20).
46
Let h(c) = -c**3 - 6*c**2 - c + 4. Determine h(-6).
10
Let o(j) = 13*j - 1. Determine o(-1).
-14
Let b(r) = 2*r**3 + 2*r**2 + r. Determine b(-1).
-1
Let f(p) = -p**2 + 9*p - 14. What is f(5)?
6
Let w(k) = k**2 - 14*k - 22. Give w(15).
-7
Let v(y) = 2*y**3 - 2*y**2 - 8*y - 5. Determine v(-2).
-13
Let o(a) = -2*a**3 + 3*a**2 + 2*a + 2. Calculate o(3).
-19
Let f(z) = -3*z**2 + 9*z - 19. What is f(6)?
-73
Let w(y) = y + 7. Determine w(-7).
0
Let p(k) = 11*k - 4. Calculate p(7).
73
Let s(y) = y**3 - 21*y**2 - 27*y + 98. Give s(22).
-12
Let i(x) = 6*x**3 - x**2 + 2*x - 1. Give i(1).
6
Let c(r) = r**2 + 5*r + 6. Calculate c(-3).
0
Let s(g) = -g**3 + 7*g**2 - 7*g + 2. What is s(6)?
-4
Let v(f) = -2*f - 27. Give v(-13).
-1
Let n(d) = 3*d + 21. What is n(-6)?
3
Let o(q) = -2*q**3 + 14*q**2 - 13*q - 9. What is o(6)?
-15
Let s(z) = 3*z - 11. Calculate s(-25).
-86
Let a(y) = 82*y**2 + 1. Calculate a(1).
83
Let l(w) = 2*w + 17. Determine l(-16).
-15
Let w(r) = -3*r**2 + 11*r - 11. What is w(4)?
-15
Let k(j) = j**2 - 11*j - 2. Give k(11).
-2
Let v(u) = -u**2 - 2*u + 1. Calculate v(-6).
-23
Let f(d) = 2*d**3 - d**2 - 1. What is f(1)?
0
Let d(a) = 4*a - 11. Determine d(6).
13
Let v(l) = 34*l + 2351. Give v(-69).
5
Let m(n) = 2*n**2 + 71*n + 332. Calculate m(-30).
2
Let f(m) = -9*m - 7. Calculate f(-2).
11
Let o(i) = -2*i - 49. Determine o(-20).
-9
Let c(u) = -50*u + 946. Determine c(19).
-4
Let m(q) = q**3 - 13*q**2 + 5. What is m(13)?
5
Let m(y) = -y**3 - 13*y**2 - 11*y + 117. Calculate m(-11).
-4
Let c(u) = u**2 - 2*u + 15. Determine c(0).
15
Let v(z) = 24*z + 181. Calculate v(-7).
13
Let a(d) = 2*d**3 + d**2. Calculate a(-2).
-12
Let w(c) = 2*c + 3. Calculate w(-8).
-13
Let n(k) = -72*k + 609. What is n(8)?
33
Let g(u) = u**3 + 3*u**2 - 11*u - 2. What is g(-5)?
3
Let x(w) = -w**2 - w + 6. What is x(0)?
6
Let m(n) = -n**2 + 8*n - 14. Calculate m(8).
-14
Let t(r) = -r + 1. Determine t(9).
-8
Let f(y) = 2*y**3 - 2*y**2 - 2*y + 4. Determine f(-3).
-62
Let x(h) = h**2 - 11*h + 8. Determine x(8).
-16
Let u(w) = w**3 + 2*w**2 - 3*w - 6. What is u(0)?
-6
Let t(w) = w**3 + w**2 - w + 50. Determine t(0).
50
Let z(n) = -n**3 + 14*n**2 + n - 19. Calculate z(14).
-5
Let g(x) = -4*x + 33. Determine g(9).
-3
Let d(b) = b**2 + 15*b + 33. What is d(-2)?
7
Let h(m) = m**2 + 47*m - 6. What is h(0)?
-6
Let v(d) = d - 3. Give v(-8).
-11
Let h(g) = -g**3 - g - 6. Calculate h(2).
-16
Let t(u) = -2*u - 8. Give t(-5).
2
Let n(b) = b**2 - 13*b + 4. Give n(12).
-8
Let j(b) = -191*b - 1146. Calculate j(-6).
0
Let s(h) = 14*h**2 + 86*h + 7. Determine s(-6).
-5
Let k(g) = g**3 + 86. Calculate k(0).
86
Let g(m) = m**3 + m - 4. Calculate g(2).
6
Let l(r) = -10*r + 271. Calculate l(29).
-19
Let u(n) = 36*n + 288. Calculate u(-8).
0
Let k(r) = r**2 + 8*r - 105. What is k(7)?
0
Let i(w) = 5*w**2 - 56*w - 11. Give i(11).
-22
Let p(h) = 13*h + 93. Calculate p(-7).
2
Let r(h) = h**3 - 5*h**2 - 5*h + 15. Give r(6).
21
Let q(g) = -g**3 - 10*g**2 - 17*g + 4. Determine q(-5).
-36
Let g(s) = 9*s + 54. Determine g(-6).
0
Let v(k) = -4*k + 7. Give v(2).
-1
Let y(i) = -3*i**2 - 6*i + 4. What is y(3)?
-41
Let v(m) = m**3 + 7*m**2 - 27. Give v(-6).
9
Let s(d) = 55*d**2 - 221*d + 3. Calculate s(4).
-1
Let p(x) = -x**3 - 10*x**2 - 4*x + 56. What is p(-9)?
11
Let s(k) = k**3 + 9*k**2 - 2*k - 106. Determine s(-7).
6
Let j(m) = 7*m**2 + 1. What is j(1)?
8
Let l(u) = u**2 + 11*u + 2. Determine l(-11).
2
Let a(c) = 3*c**2 - c - 3. What is a(3)?
21
Let u(k) = k**2 + 10*k + 4. Determine u(-10).
4
Let b(z) = z**3 - 12*z**2 + 2*z - 1